{"id":3419,"date":"2018-10-18T14:15:56","date_gmt":"2018-10-18T12:15:56","guid":{"rendered":"https:\/\/ohmtalschule.de\/?page_id=3419"},"modified":"2018-10-19T10:35:29","modified_gmt":"2018-10-19T08:35:29","slug":"die-verbundene-haupt-realschule","status":"publish","type":"page","link":"https:\/\/ohmtalschule.de\/?page_id=3419","title":{"rendered":"Die &#8220;Verbundene Haupt- &#038; Realschule&#8221;"},"content":{"rendered":"<h4>Eignung nach der F\u00f6rderstufe<\/h4>\n<p>Am Ende der F\u00f6rderstufe\u00a0 in Klasse 6 wird den Sch\u00fclerinnen und Sch\u00fclern die Eignung f\u00fcr den <span style=\"color: #000000;\">Hauptschul-<\/span> bzw. <span style=\"color: #000000;\">Realschulzweig <\/span>zugesprochen.<\/p>\n<p>Den Hauptschulzweig besuchen Sch\u00fcler, die nach Klasse 9 den\u00a0<a href=\"https:\/\/ohmtalschule.de\/wordpress\/?page_id=3106\"><span style=\"color: #339966;\"> Hauptschulabschluss<\/span><\/a> anstreben. Er bereitet insbesondere auf den \u00dcbergang in die Berufswelt oder den \u00dcbergang auf die Berufsfachschulen vor.<\/p>\n<p>Der Realschulzweig wird von Sch\u00fclern besucht, die nach Klasse 10 den <a href=\"https:\/\/ohmtalschule.de\/?page_id=3100\"><span style=\"color: #339966;\">Realschulabschluss<\/span><\/a> anstreben. Der Bildungsgang legt die Grundlagen f\u00fcr den \u00dcbergang in die Berufswelt oder auf weiterf\u00fchrende Bildungsg\u00e4nge wie z.B. H\u00f6here Berufsfachschulen und Fachoberschulen.<\/p>\n<h4>Neuerung &#8211; die &#8220;Verbundene Haupt- &amp; Realschule&#8221;<\/h4>\n<p>Seit dem Schuljahr 2018\/19 werden die Sch\u00fclerinnen und Sch\u00fcler nun in verbundenen Haupt- und Realschulklassen unterrichtet. Dies ist quasi die Fortf\u00fchrung der F\u00f6rderstufe, denn Haupt- und Realsch\u00fcler werden gemeinsam in einer Klasse unterrichtet.<\/p>\n<p>Diese organisatorische \u00c4nderung\u00a0 mussten wir wegen der geringen Sch\u00fclerzahlen im Hauptschulzweig durchf\u00fchren. Nach den jetzigen Prognosen werden die Verbundklassen in den kommenden Jahren nicht mehr als 20 Sch\u00fclerinnen und Sch\u00fcler haben, eine gute Grundlage f\u00fcr erfolgreiches und gemeinsames Arbeiten.<\/p>\n<h4>Differenzierung in den Hauptf\u00e4chern<\/h4>\n<p>In den Hauptf\u00e4chern Deutsch, Englisch und Mathematik besuchen die Sch\u00fclerinnen und Sch\u00fcler jeweils den entsprechenden Kurs, Sch\u00fcler mit der Eignung Hauptschule gehen in den Grundkurs auf H-Niveau, Sch\u00fcler mit der Eignung Realschule nehmen am Unterricht des Erweiterungskurses auf R-Niveau teil.<\/p>\n<h4>Gemeinsamer Unterricht in Nebenf\u00e4chern<\/h4>\n<p>In den Nebenf\u00e4chern wie z.B. Physik oder Politik &amp; Wirtschaft oder Sport werden die Sch\u00fclerinnen gemeinsam im Klassenverband unterrichtet. Dabei werden die Inhalte von den Lehrkr\u00e4ften sowohl f\u00fcr die Realsch\u00fcler als auch f\u00fcr die Hauptsch\u00fcler binnen-differenziert aufbereitet. Ebenso erhalten die Sch\u00fcler differenzierte Lernkontrollen.<\/p>\n<h4>Vorteile der verbundenen Haupt- &amp; Realschule<\/h4>\n<p>Ein Schulzweigwechsel f\u00fcr sehr gute Hauptsch\u00fcler oder leistungsschw\u00e4chere Realsch\u00fcler ist nicht mehr so gravierend, da die wechselnden Sch\u00fcler\/innen in ihrem Klassenverband bleiben k\u00f6nnen.<\/p>\n<p>In Ausnahmef\u00e4llen kann ein Realsch\u00fcler in einem Fach auch einen Kurs auf H-Niveau besuchen. Tendiert ein Hauptsch\u00fcler aufgrund seiner guten Leistungen in Richtung Realschule, so ist ein probeweiser Unterricht auf h\u00f6herem Kursniveau m\u00f6glich.<\/p>\n<h4>Lernzeit<\/h4>\n<p>Viele Jugendliche im Alter zwischen 13 und 15 Jahren haben Schwierigkeiten ihre Hausaufgaben zu erledigen bzw. f\u00fcr Arbeiten zu \u00fcben. Daher gibt es seit diesem Schuljahr in Jahrgang 7 der verbundenen Haupt- &amp; Realschulklassen die Lernzeit. Sie ist mit zwei Stunden verbindlich im Stundenplan verankert und wird von Lehrkr\u00e4ften betreut.<\/p>\n<h4>Im \u00dcberblick<\/h4>\n<ul>\n<li style=\"list-style-type: none;\">\n<ul>\n<li>kleine Klassen mit ca.\u00a0 20 Sch\u00fclern<\/li>\n<li>Sch\u00fcler\/innen w\u00e4hlen ein Wahlpflichtfach ab Klasse 7: Franz\u00f6sisch (nur Realsch\u00fcler), Werken bzw. Technik (3D-Druck, Robotik), Hauswirtschaft<\/li>\n<li>Vermittlung und Anwendung von Werten (Zuverl\u00e4ssigkeit, H\u00f6flichkeit, P\u00fcnktlichkeit)<\/li>\n<li>Erwerb von Schl\u00fcsselqualifikationen in den Bereichen Teamf\u00e4higkeit, Kritikf\u00e4higkeit und der Bereitschaft zum lebenslangen Lernen<\/li>\n<li>Methodentraining und Kommunikationstraining bereiten auf Abschlusspr\u00fcfungen und Beruf vor<\/li>\n<li>Simulationspr\u00fcfungen und Lerntage dienen der systematischen Vorbereitung auf Abschlusspr\u00fcfungen bzw. Projektpr\u00fcfungen<\/li>\n<li>Gemeinsame mehrt\u00e4gige Klassenfahrt am Ende des 9. Schuljahres<\/li>\n<li>Berufswahlvorbereitung:\n<ul>\n<li>Betriebserkundungen<\/li>\n<li>Girls\u00b4 Day und Boys\u00b4 Day in Klasse 7<\/li>\n<li>Kompetenzfeststellung in Klasse 7<\/li>\n<li>ein zweiw\u00f6chiges Praktikum im Berufszentrum Lauterbach zum Kennenlernen verschiedener Berufsfelder zu Beginn des 8. Schuljahres<\/li>\n<li>zwei jeweils zweiw\u00f6chige Betriebspraktika in den Jahrg\u00e4ngen 8 und 9<\/li>\n<li>Berufsberatung in der Schule durch die Bundesagentur f\u00fcr Arbeit<\/li>\n<li>Trainings f\u00fcr Vorstellungsgespr\u00e4che und Einstellungstests<\/li>\n<li>Informationsveranstaltungen zum Besuch weiterf\u00fchrender Schulen wie z.B. Berufsfachschule, Fachoberschule oder Berufl. Gymnasium<\/li>\n<\/ul>\n<\/li>\n<\/ul>\n<\/li>\n<\/ul>\n","protected":false},"excerpt":{"rendered":"<p>Eignung nach der F\u00f6rderstufe Am Ende der F\u00f6rderstufe\u00a0 in Klasse 6 wird den Sch\u00fclerinnen und Sch\u00fclern die Eignung f\u00fcr den Hauptschul- bzw. Realschulzweig zugesprochen. Den Hauptschulzweig besuchen Sch\u00fcler, die nach Klasse 9 den\u00a0 Hauptschulabschluss anstreben. Er bereitet insbesondere auf den \u00dcbergang in die Berufswelt oder den \u00dcbergang auf die Berufsfachschulen vor. Der Realschulzweig wird von &hellip; <a href=\"https:\/\/ohmtalschule.de\/?page_id=3419\" class=\"more-link\"><span class=\"screen-reader-text\">Die &#8220;Verbundene Haupt- &#038; Realschule&#8221;<\/span> weiterlesen <span class=\"meta-nav\">&rarr;<\/span><\/a><\/p>\n","protected":false},"author":2,"featured_media":3441,"parent":359,"menu_order":3,"comment_status":"closed","ping_status":"closed","template":"page-templates\/full-width.php","meta":{"footnotes":""},"class_list":["post-3419","page","type-page","status-publish","has-post-thumbnail","hentry"],"yoast_head":"<!-- This site is optimized with the Yoast SEO plugin v27.4 - https:\/\/yoast.com\/product\/yoast-seo-wordpress\/ -->\n<title>Die &quot;Verbundene Haupt- &amp; Realschule&quot; - Ohmtalschule Homberg<\/title>\n<meta name=\"robots\" content=\"index, follow, max-snippet:-1, max-image-preview:large, max-video-preview:-1\" \/>\n<link rel=\"canonical\" href=\"https:\/\/ohmtalschule.de\/?page_id=3419\" \/>\n<meta property=\"og:locale\" content=\"de_DE\" \/>\n<meta property=\"og:type\" content=\"article\" \/>\n<meta property=\"og:title\" content=\"Die &quot;Verbundene Haupt- &amp; Realschule&quot; - Ohmtalschule Homberg\" \/>\n<meta property=\"og:description\" content=\"Eignung nach der F\u00f6rderstufe Am Ende der F\u00f6rderstufe\u00a0 in Klasse 6 wird den Sch\u00fclerinnen und Sch\u00fclern die Eignung f\u00fcr den Hauptschul- bzw. Realschulzweig zugesprochen. Den Hauptschulzweig besuchen Sch\u00fcler, die nach Klasse 9 den\u00a0 Hauptschulabschluss anstreben. Er bereitet insbesondere auf den \u00dcbergang in die Berufswelt oder den \u00dcbergang auf die Berufsfachschulen vor. Der Realschulzweig wird von &hellip; Die &#8220;Verbundene Haupt- &#038; Realschule&#8221; weiterlesen &rarr;\" \/>\n<meta property=\"og:url\" content=\"https:\/\/ohmtalschule.de\/?page_id=3419\" \/>\n<meta property=\"og:site_name\" content=\"Ohmtalschule Homberg\" \/>\n<meta property=\"article:modified_time\" content=\"2018-10-19T08:35:29+00:00\" \/>\n<meta property=\"og:image\" content=\"https:\/\/ohmtalschule.de\/wordpress\/wp-content\/uploads\/2018\/10\/Verbundklassen-H-und-R-1-e1539938898906.png\" \/>\n\t<meta property=\"og:image:width\" content=\"400\" \/>\n\t<meta property=\"og:image:height\" content=\"244\" \/>\n\t<meta property=\"og:image:type\" content=\"image\/png\" \/>\n<meta name=\"twitter:card\" content=\"summary_large_image\" \/>\n<meta name=\"twitter:label1\" content=\"Gesch\u00e4tzte Lesezeit\" \/>\n\t<meta name=\"twitter:data1\" content=\"3\u00a0Minuten\" \/>\n<script type=\"application\/ld+json\" class=\"yoast-schema-graph\">{\"@context\":\"https:\\\/\\\/schema.org\",\"@graph\":[{\"@type\":\"WebPage\",\"@id\":\"https:\\\/\\\/ohmtalschule.de\\\/?page_id=3419\",\"url\":\"https:\\\/\\\/ohmtalschule.de\\\/?page_id=3419\",\"name\":\"Die \\\"Verbundene Haupt- & Realschule\\\" - Ohmtalschule Homberg\",\"isPartOf\":{\"@id\":\"https:\\\/\\\/ohmtalschule.de\\\/#website\"},\"primaryImageOfPage\":{\"@id\":\"https:\\\/\\\/ohmtalschule.de\\\/?page_id=3419#primaryimage\"},\"image\":{\"@id\":\"https:\\\/\\\/ohmtalschule.de\\\/?page_id=3419#primaryimage\"},\"thumbnailUrl\":\"https:\\\/\\\/ohmtalschule.de\\\/wordpress\\\/wp-content\\\/uploads\\\/2018\\\/10\\\/Verbundklassen-H-und-R-1-e1539938898906.png\",\"datePublished\":\"2018-10-18T12:15:56+00:00\",\"dateModified\":\"2018-10-19T08:35:29+00:00\",\"breadcrumb\":{\"@id\":\"https:\\\/\\\/ohmtalschule.de\\\/?page_id=3419#breadcrumb\"},\"inLanguage\":\"de\",\"potentialAction\":[{\"@type\":\"ReadAction\",\"target\":[\"https:\\\/\\\/ohmtalschule.de\\\/?page_id=3419\"]}]},{\"@type\":\"ImageObject\",\"inLanguage\":\"de\",\"@id\":\"https:\\\/\\\/ohmtalschule.de\\\/?page_id=3419#primaryimage\",\"url\":\"https:\\\/\\\/ohmtalschule.de\\\/wordpress\\\/wp-content\\\/uploads\\\/2018\\\/10\\\/Verbundklassen-H-und-R-1-e1539938898906.png\",\"contentUrl\":\"https:\\\/\\\/ohmtalschule.de\\\/wordpress\\\/wp-content\\\/uploads\\\/2018\\\/10\\\/Verbundklassen-H-und-R-1-e1539938898906.png\",\"width\":400,\"height\":244},{\"@type\":\"BreadcrumbList\",\"@id\":\"https:\\\/\\\/ohmtalschule.de\\\/?page_id=3419#breadcrumb\",\"itemListElement\":[{\"@type\":\"ListItem\",\"position\":1,\"name\":\"Startseite\",\"item\":\"https:\\\/\\\/ohmtalschule.de\\\/\"},{\"@type\":\"ListItem\",\"position\":2,\"name\":\"Unsere Ohmtalschule\",\"item\":\"https:\\\/\\\/ohmtalschule.de\\\/?page_id=21\"},{\"@type\":\"ListItem\",\"position\":3,\"name\":\"Organisation\",\"item\":\"https:\\\/\\\/ohmtalschule.de\\\/?page_id=157\"},{\"@type\":\"ListItem\",\"position\":4,\"name\":\"Bildungsg\u00e4nge im \u00dcberblick\",\"item\":\"https:\\\/\\\/ohmtalschule.de\\\/?page_id=359\"},{\"@type\":\"ListItem\",\"position\":5,\"name\":\"Die &#8220;Verbundene Haupt- &#038; Realschule&#8221;\"}]},{\"@type\":\"WebSite\",\"@id\":\"https:\\\/\\\/ohmtalschule.de\\\/#website\",\"url\":\"https:\\\/\\\/ohmtalschule.de\\\/\",\"name\":\"Ohmtalschule Homberg\",\"description\":\"Gesamtschule des Vogelsbergkreises\",\"potentialAction\":[{\"@type\":\"SearchAction\",\"target\":{\"@type\":\"EntryPoint\",\"urlTemplate\":\"https:\\\/\\\/ohmtalschule.de\\\/?s={search_term_string}\"},\"query-input\":{\"@type\":\"PropertyValueSpecification\",\"valueRequired\":true,\"valueName\":\"search_term_string\"}}],\"inLanguage\":\"de\"}]}<\/script>\n<!-- \/ Yoast SEO plugin. -->","yoast_head_json":{"title":"Die \"Verbundene Haupt- & Realschule\" - Ohmtalschule Homberg","robots":{"index":"index","follow":"follow","max-snippet":"max-snippet:-1","max-image-preview":"max-image-preview:large","max-video-preview":"max-video-preview:-1"},"canonical":"https:\/\/ohmtalschule.de\/?page_id=3419","og_locale":"de_DE","og_type":"article","og_title":"Die \"Verbundene Haupt- & Realschule\" - Ohmtalschule Homberg","og_description":"Eignung nach der F\u00f6rderstufe Am Ende der F\u00f6rderstufe\u00a0 in Klasse 6 wird den Sch\u00fclerinnen und Sch\u00fclern die Eignung f\u00fcr den Hauptschul- bzw. Realschulzweig zugesprochen. Den Hauptschulzweig besuchen Sch\u00fcler, die nach Klasse 9 den\u00a0 Hauptschulabschluss anstreben. Er bereitet insbesondere auf den \u00dcbergang in die Berufswelt oder den \u00dcbergang auf die Berufsfachschulen vor. Der Realschulzweig wird von &hellip; Die &#8220;Verbundene Haupt- &#038; Realschule&#8221; weiterlesen &rarr;","og_url":"https:\/\/ohmtalschule.de\/?page_id=3419","og_site_name":"Ohmtalschule Homberg","article_modified_time":"2018-10-19T08:35:29+00:00","og_image":[{"width":400,"height":244,"url":"https:\/\/ohmtalschule.de\/wordpress\/wp-content\/uploads\/2018\/10\/Verbundklassen-H-und-R-1-e1539938898906.png","type":"image\/png"}],"twitter_card":"summary_large_image","twitter_misc":{"Gesch\u00e4tzte Lesezeit":"3\u00a0Minuten"},"schema":{"@context":"https:\/\/schema.org","@graph":[{"@type":"WebPage","@id":"https:\/\/ohmtalschule.de\/?page_id=3419","url":"https:\/\/ohmtalschule.de\/?page_id=3419","name":"Die \"Verbundene Haupt- & Realschule\" - Ohmtalschule Homberg","isPartOf":{"@id":"https:\/\/ohmtalschule.de\/#website"},"primaryImageOfPage":{"@id":"https:\/\/ohmtalschule.de\/?page_id=3419#primaryimage"},"image":{"@id":"https:\/\/ohmtalschule.de\/?page_id=3419#primaryimage"},"thumbnailUrl":"https:\/\/ohmtalschule.de\/wordpress\/wp-content\/uploads\/2018\/10\/Verbundklassen-H-und-R-1-e1539938898906.png","datePublished":"2018-10-18T12:15:56+00:00","dateModified":"2018-10-19T08:35:29+00:00","breadcrumb":{"@id":"https:\/\/ohmtalschule.de\/?page_id=3419#breadcrumb"},"inLanguage":"de","potentialAction":[{"@type":"ReadAction","target":["https:\/\/ohmtalschule.de\/?page_id=3419"]}]},{"@type":"ImageObject","inLanguage":"de","@id":"https:\/\/ohmtalschule.de\/?page_id=3419#primaryimage","url":"https:\/\/ohmtalschule.de\/wordpress\/wp-content\/uploads\/2018\/10\/Verbundklassen-H-und-R-1-e1539938898906.png","contentUrl":"https:\/\/ohmtalschule.de\/wordpress\/wp-content\/uploads\/2018\/10\/Verbundklassen-H-und-R-1-e1539938898906.png","width":400,"height":244},{"@type":"BreadcrumbList","@id":"https:\/\/ohmtalschule.de\/?page_id=3419#breadcrumb","itemListElement":[{"@type":"ListItem","position":1,"name":"Startseite","item":"https:\/\/ohmtalschule.de\/"},{"@type":"ListItem","position":2,"name":"Unsere Ohmtalschule","item":"https:\/\/ohmtalschule.de\/?page_id=21"},{"@type":"ListItem","position":3,"name":"Organisation","item":"https:\/\/ohmtalschule.de\/?page_id=157"},{"@type":"ListItem","position":4,"name":"Bildungsg\u00e4nge im \u00dcberblick","item":"https:\/\/ohmtalschule.de\/?page_id=359"},{"@type":"ListItem","position":5,"name":"Die &#8220;Verbundene Haupt- &#038; Realschule&#8221;"}]},{"@type":"WebSite","@id":"https:\/\/ohmtalschule.de\/#website","url":"https:\/\/ohmtalschule.de\/","name":"Ohmtalschule Homberg","description":"Gesamtschule des Vogelsbergkreises","potentialAction":[{"@type":"SearchAction","target":{"@type":"EntryPoint","urlTemplate":"https:\/\/ohmtalschule.de\/?s={search_term_string}"},"query-input":{"@type":"PropertyValueSpecification","valueRequired":true,"valueName":"search_term_string"}}],"inLanguage":"de"}]}},"_links":{"self":[{"href":"https:\/\/ohmtalschule.de\/index.php?rest_route=\/wp\/v2\/pages\/3419","targetHints":{"allow":["GET"]}}],"collection":[{"href":"https:\/\/ohmtalschule.de\/index.php?rest_route=\/wp\/v2\/pages"}],"about":[{"href":"https:\/\/ohmtalschule.de\/index.php?rest_route=\/wp\/v2\/types\/page"}],"author":[{"embeddable":true,"href":"https:\/\/ohmtalschule.de\/index.php?rest_route=\/wp\/v2\/users\/2"}],"replies":[{"embeddable":true,"href":"https:\/\/ohmtalschule.de\/index.php?rest_route=%2Fwp%2Fv2%2Fcomments&post=3419"}],"version-history":[{"count":12,"href":"https:\/\/ohmtalschule.de\/index.php?rest_route=\/wp\/v2\/pages\/3419\/revisions"}],"predecessor-version":[{"id":3440,"href":"https:\/\/ohmtalschule.de\/index.php?rest_route=\/wp\/v2\/pages\/3419\/revisions\/3440"}],"up":[{"embeddable":true,"href":"https:\/\/ohmtalschule.de\/index.php?rest_route=\/wp\/v2\/pages\/359"}],"wp:featuredmedia":[{"embeddable":true,"href":"https:\/\/ohmtalschule.de\/index.php?rest_route=\/wp\/v2\/media\/3441"}],"wp:attachment":[{"href":"https:\/\/ohmtalschule.de\/index.php?rest_route=%2Fwp%2Fv2%2Fmedia&parent=3419"}],"curies":[{"name":"wp","href":"https:\/\/api.w.org\/{rel}","templated":true}]}}