{"id":21,"date":"2014-02-14T21:04:37","date_gmt":"2014-02-14T21:04:37","guid":{"rendered":"http:\/\/wp.ohmtalschule.de\/wordpress\/?page_id=21"},"modified":"2017-08-23T11:15:23","modified_gmt":"2017-08-23T09:15:23","slug":"thema-3","status":"publish","type":"page","link":"https:\/\/ohmtalschule.de\/?page_id=21","title":{"rendered":"Unsere Ohmtalschule"},"content":{"rendered":"<h3><b><a href=\"https:\/\/ohmtalschule.de\/wordpress\/wp-content\/uploads\/2014\/02\/Ohmtalschule.jpg\"><img loading=\"lazy\" decoding=\"async\" class=\"alignnone size-medium wp-image-476\" src=\"https:\/\/ohmtalschule.de\/wordpress\/wp-content\/uploads\/2014\/02\/Ohmtalschule-300x225.jpg\" alt=\"Ohmtalschule\" width=\"300\" height=\"225\" srcset=\"https:\/\/ohmtalschule.de\/wordpress\/wp-content\/uploads\/2014\/02\/Ohmtalschule-300x225.jpg 300w, https:\/\/ohmtalschule.de\/wordpress\/wp-content\/uploads\/2014\/02\/Ohmtalschule-1024x768.jpg 1024w\" sizes=\"auto, (max-width: 300px) 100vw, 300px\" \/><\/a><\/b><\/h3>\n<h3><b>Wir\u2026\u2026..<\/b><\/h3>\n<ul>\n<li>unterrichten ca. 420 Sch\u00fcler<\/li>\n<li>sind eine kooperative Gesamtschule mit\n<ul>\n<li>einem eigenst\u00e4ndigen Gymnasialzweig (G9)<\/li>\n<li>einer F\u00f6rderstufe als Vorbereitung auf den Haupt- und Realschulzweig<\/li>\n<li>einem Haupt- und Realschulzweig<\/li>\n<\/ul>\n<\/li>\n<li>Abteilung zur\u00a0F\u00f6rderung und Entwicklung von Kindern und Jugendlichen (AfE)<\/li>\n<li>sind eine Schule mit vielf\u00e4ltigen Ganztagsangeboten<\/li>\n<\/ul>\n<h3 style=\"text-align: center;\"><b><span style=\"text-decoration: underline;\">&#8230;\u00a0sind eine Gesamtschule:<\/span><\/b><\/h3>\n<ul>\n<li style=\"list-style-type: none;\">\n<ul>\n<li style=\"list-style-type: none;\">\n<ul>\n<li style=\"list-style-type: none;\">\n<ul>\n<li style=\"list-style-type: none;\">\n<ul>\n<li style=\"list-style-type: none;\">\n<ul>\n<li style=\"list-style-type: none;\">\n<ul>\n<li>Eine Schule \u2013 verschiedene Schulformen!<\/li>\n<li>M\u00f6glichkeit des Wechsels zwischen den Schulformen<\/li>\n<li>\u00dcbergreifende AG-Angebote f\u00fcr alle Sch\u00fcler<\/li>\n<li>Enge Kooperation mit den umliegenden Schulen<\/li>\n<\/ul>\n<\/li>\n<\/ul>\n<\/li>\n<\/ul>\n<\/li>\n<\/ul>\n<\/li>\n<\/ul>\n<\/li>\n<\/ul>\n<\/li>\n<\/ul>\n<h3><span style=\"text-decoration: underline;\">Weitere Informationen e<\/span><span style=\"text-decoration: underline;\">rhalten Sie a<\/span><span style=\"text-decoration: underline;\">uf den folgenden Seiten:<\/span><b> <\/b><\/h3>\n<div>\n<p><!--%subpages%--><\/p>\n<\/div>\n","protected":false},"excerpt":{"rendered":"<p>Wir\u2026\u2026.. unterrichten ca. 420 Sch\u00fcler sind eine kooperative Gesamtschule mit einem eigenst\u00e4ndigen Gymnasialzweig (G9) einer F\u00f6rderstufe als Vorbereitung auf den Haupt- und Realschulzweig einem Haupt- und Realschulzweig Abteilung zur\u00a0F\u00f6rderung und Entwicklung von Kindern und Jugendlichen (AfE) sind eine Schule mit vielf\u00e4ltigen Ganztagsangeboten &#8230;\u00a0sind eine Gesamtschule: Eine Schule \u2013 verschiedene Schulformen! M\u00f6glichkeit des Wechsels zwischen den &hellip; <a href=\"https:\/\/ohmtalschule.de\/?page_id=21\" class=\"more-link\"><span class=\"screen-reader-text\">Unsere Ohmtalschule<\/span> weiterlesen <span class=\"meta-nav\">&rarr;<\/span><\/a><\/p>\n","protected":false},"author":1,"featured_media":0,"parent":0,"menu_order":30,"comment_status":"closed","ping_status":"closed","template":"page-templates\/full-width.php","meta":{"footnotes":""},"class_list":["post-21","page","type-page","status-publish","hentry"],"yoast_head":"<!-- This site is optimized with the Yoast SEO plugin v27.4 - https:\/\/yoast.com\/product\/yoast-seo-wordpress\/ -->\n<title>Unsere Ohmtalschule - Ohmtalschule Homberg<\/title>\n<meta name=\"robots\" content=\"index, follow, max-snippet:-1, max-image-preview:large, max-video-preview:-1\" \/>\n<link rel=\"canonical\" href=\"https:\/\/ohmtalschule.de\/?page_id=21\" \/>\n<meta property=\"og:locale\" content=\"de_DE\" \/>\n<meta property=\"og:type\" content=\"article\" \/>\n<meta property=\"og:title\" content=\"Unsere Ohmtalschule - Ohmtalschule Homberg\" \/>\n<meta property=\"og:description\" content=\"Wir\u2026\u2026.. unterrichten ca. 420 Sch\u00fcler sind eine kooperative Gesamtschule mit einem eigenst\u00e4ndigen Gymnasialzweig (G9) einer F\u00f6rderstufe als Vorbereitung auf den Haupt- und Realschulzweig einem Haupt- und Realschulzweig Abteilung zur\u00a0F\u00f6rderung und Entwicklung von Kindern und Jugendlichen (AfE) sind eine Schule mit vielf\u00e4ltigen Ganztagsangeboten &#8230;\u00a0sind eine Gesamtschule: Eine Schule \u2013 verschiedene Schulformen! M\u00f6glichkeit des Wechsels zwischen den &hellip; Unsere Ohmtalschule weiterlesen &rarr;\" \/>\n<meta property=\"og:url\" content=\"https:\/\/ohmtalschule.de\/?page_id=21\" \/>\n<meta property=\"og:site_name\" content=\"Ohmtalschule Homberg\" \/>\n<meta property=\"article:modified_time\" content=\"2017-08-23T09:15:23+00:00\" \/>\n<meta property=\"og:image\" content=\"https:\/\/ohmtalschule.de\/wordpress\/wp-content\/uploads\/2014\/02\/Ohmtalschule-300x225.jpg\" \/>\n<meta name=\"twitter:card\" content=\"summary_large_image\" \/>\n<script type=\"application\/ld+json\" class=\"yoast-schema-graph\">{\"@context\":\"https:\\\/\\\/schema.org\",\"@graph\":[{\"@type\":\"WebPage\",\"@id\":\"https:\\\/\\\/ohmtalschule.de\\\/?page_id=21\",\"url\":\"https:\\\/\\\/ohmtalschule.de\\\/?page_id=21\",\"name\":\"Unsere Ohmtalschule - Ohmtalschule Homberg\",\"isPartOf\":{\"@id\":\"https:\\\/\\\/ohmtalschule.de\\\/#website\"},\"primaryImageOfPage\":{\"@id\":\"https:\\\/\\\/ohmtalschule.de\\\/?page_id=21#primaryimage\"},\"image\":{\"@id\":\"https:\\\/\\\/ohmtalschule.de\\\/?page_id=21#primaryimage\"},\"thumbnailUrl\":\"https:\\\/\\\/ohmtalschule.de\\\/wordpress\\\/wp-content\\\/uploads\\\/2014\\\/02\\\/Ohmtalschule-300x225.jpg\",\"datePublished\":\"2014-02-14T21:04:37+00:00\",\"dateModified\":\"2017-08-23T09:15:23+00:00\",\"breadcrumb\":{\"@id\":\"https:\\\/\\\/ohmtalschule.de\\\/?page_id=21#breadcrumb\"},\"inLanguage\":\"de\",\"potentialAction\":[{\"@type\":\"ReadAction\",\"target\":[\"https:\\\/\\\/ohmtalschule.de\\\/?page_id=21\"]}]},{\"@type\":\"ImageObject\",\"inLanguage\":\"de\",\"@id\":\"https:\\\/\\\/ohmtalschule.de\\\/?page_id=21#primaryimage\",\"url\":\"https:\\\/\\\/ohmtalschule.de\\\/wordpress\\\/wp-content\\\/uploads\\\/2014\\\/02\\\/Ohmtalschule.jpg\",\"contentUrl\":\"https:\\\/\\\/ohmtalschule.de\\\/wordpress\\\/wp-content\\\/uploads\\\/2014\\\/02\\\/Ohmtalschule.jpg\",\"width\":3488,\"height\":2616},{\"@type\":\"BreadcrumbList\",\"@id\":\"https:\\\/\\\/ohmtalschule.de\\\/?page_id=21#breadcrumb\",\"itemListElement\":[{\"@type\":\"ListItem\",\"position\":1,\"name\":\"Startseite\",\"item\":\"https:\\\/\\\/ohmtalschule.de\\\/\"},{\"@type\":\"ListItem\",\"position\":2,\"name\":\"Unsere Ohmtalschule\"}]},{\"@type\":\"WebSite\",\"@id\":\"https:\\\/\\\/ohmtalschule.de\\\/#website\",\"url\":\"https:\\\/\\\/ohmtalschule.de\\\/\",\"name\":\"Ohmtalschule Homberg\",\"description\":\"Gesamtschule des Vogelsbergkreises\",\"potentialAction\":[{\"@type\":\"SearchAction\",\"target\":{\"@type\":\"EntryPoint\",\"urlTemplate\":\"https:\\\/\\\/ohmtalschule.de\\\/?s={search_term_string}\"},\"query-input\":{\"@type\":\"PropertyValueSpecification\",\"valueRequired\":true,\"valueName\":\"search_term_string\"}}],\"inLanguage\":\"de\"}]}<\/script>\n<!-- \/ Yoast SEO plugin. -->","yoast_head_json":{"title":"Unsere Ohmtalschule - Ohmtalschule Homberg","robots":{"index":"index","follow":"follow","max-snippet":"max-snippet:-1","max-image-preview":"max-image-preview:large","max-video-preview":"max-video-preview:-1"},"canonical":"https:\/\/ohmtalschule.de\/?page_id=21","og_locale":"de_DE","og_type":"article","og_title":"Unsere Ohmtalschule - Ohmtalschule Homberg","og_description":"Wir\u2026\u2026.. unterrichten ca. 420 Sch\u00fcler sind eine kooperative Gesamtschule mit einem eigenst\u00e4ndigen Gymnasialzweig (G9) einer F\u00f6rderstufe als Vorbereitung auf den Haupt- und Realschulzweig einem Haupt- und Realschulzweig Abteilung zur\u00a0F\u00f6rderung und Entwicklung von Kindern und Jugendlichen (AfE) sind eine Schule mit vielf\u00e4ltigen Ganztagsangeboten &#8230;\u00a0sind eine Gesamtschule: Eine Schule \u2013 verschiedene Schulformen! M\u00f6glichkeit des Wechsels zwischen den &hellip; Unsere Ohmtalschule weiterlesen &rarr;","og_url":"https:\/\/ohmtalschule.de\/?page_id=21","og_site_name":"Ohmtalschule Homberg","article_modified_time":"2017-08-23T09:15:23+00:00","og_image":[{"url":"https:\/\/ohmtalschule.de\/wordpress\/wp-content\/uploads\/2014\/02\/Ohmtalschule-300x225.jpg","type":"","width":"","height":""}],"twitter_card":"summary_large_image","schema":{"@context":"https:\/\/schema.org","@graph":[{"@type":"WebPage","@id":"https:\/\/ohmtalschule.de\/?page_id=21","url":"https:\/\/ohmtalschule.de\/?page_id=21","name":"Unsere Ohmtalschule - Ohmtalschule Homberg","isPartOf":{"@id":"https:\/\/ohmtalschule.de\/#website"},"primaryImageOfPage":{"@id":"https:\/\/ohmtalschule.de\/?page_id=21#primaryimage"},"image":{"@id":"https:\/\/ohmtalschule.de\/?page_id=21#primaryimage"},"thumbnailUrl":"https:\/\/ohmtalschule.de\/wordpress\/wp-content\/uploads\/2014\/02\/Ohmtalschule-300x225.jpg","datePublished":"2014-02-14T21:04:37+00:00","dateModified":"2017-08-23T09:15:23+00:00","breadcrumb":{"@id":"https:\/\/ohmtalschule.de\/?page_id=21#breadcrumb"},"inLanguage":"de","potentialAction":[{"@type":"ReadAction","target":["https:\/\/ohmtalschule.de\/?page_id=21"]}]},{"@type":"ImageObject","inLanguage":"de","@id":"https:\/\/ohmtalschule.de\/?page_id=21#primaryimage","url":"https:\/\/ohmtalschule.de\/wordpress\/wp-content\/uploads\/2014\/02\/Ohmtalschule.jpg","contentUrl":"https:\/\/ohmtalschule.de\/wordpress\/wp-content\/uploads\/2014\/02\/Ohmtalschule.jpg","width":3488,"height":2616},{"@type":"BreadcrumbList","@id":"https:\/\/ohmtalschule.de\/?page_id=21#breadcrumb","itemListElement":[{"@type":"ListItem","position":1,"name":"Startseite","item":"https:\/\/ohmtalschule.de\/"},{"@type":"ListItem","position":2,"name":"Unsere Ohmtalschule"}]},{"@type":"WebSite","@id":"https:\/\/ohmtalschule.de\/#website","url":"https:\/\/ohmtalschule.de\/","name":"Ohmtalschule Homberg","description":"Gesamtschule des Vogelsbergkreises","potentialAction":[{"@type":"SearchAction","target":{"@type":"EntryPoint","urlTemplate":"https:\/\/ohmtalschule.de\/?s={search_term_string}"},"query-input":{"@type":"PropertyValueSpecification","valueRequired":true,"valueName":"search_term_string"}}],"inLanguage":"de"}]}},"_links":{"self":[{"href":"https:\/\/ohmtalschule.de\/index.php?rest_route=\/wp\/v2\/pages\/21","targetHints":{"allow":["GET"]}}],"collection":[{"href":"https:\/\/ohmtalschule.de\/index.php?rest_route=\/wp\/v2\/pages"}],"about":[{"href":"https:\/\/ohmtalschule.de\/index.php?rest_route=\/wp\/v2\/types\/page"}],"author":[{"embeddable":true,"href":"https:\/\/ohmtalschule.de\/index.php?rest_route=\/wp\/v2\/users\/1"}],"replies":[{"embeddable":true,"href":"https:\/\/ohmtalschule.de\/index.php?rest_route=%2Fwp%2Fv2%2Fcomments&post=21"}],"version-history":[{"count":0,"href":"https:\/\/ohmtalschule.de\/index.php?rest_route=\/wp\/v2\/pages\/21\/revisions"}],"wp:attachment":[{"href":"https:\/\/ohmtalschule.de\/index.php?rest_route=%2Fwp%2Fv2%2Fmedia&parent=21"}],"curies":[{"name":"wp","href":"https:\/\/api.w.org\/{rel}","templated":true}]}}