{"id":145,"date":"2014-02-16T20:12:10","date_gmt":"2014-02-16T20:12:10","guid":{"rendered":"http:\/\/wp.ohmtalschule.de\/wordpress\/?page_id=145"},"modified":"2018-05-25T15:09:39","modified_gmt":"2018-05-25T13:09:39","slug":"impressum","status":"publish","type":"page","link":"https:\/\/ohmtalschule.de\/?page_id=145","title":{"rendered":"Impressum"},"content":{"rendered":"\n<table id=\"tablepress-1\" class=\"tablepress tablepress-id-1\">\n<tbody class=\"row-striping row-hover\">\n<tr class=\"row-1\">\n\t<td class=\"column-1\">Postanschrift<\/td><td class=\"column-2\">Gesamtschule Homberg (Ohm)<br \/>\nHochstr. 11<br \/>\n35315 Homberg (Ohm)<\/td>\n<\/tr>\n<tr class=\"row-2\">\n\t<td class=\"column-1\">Telefon<\/td><td class=\"column-2\">06633\/5075<\/td>\n<\/tr>\n<tr class=\"row-3\">\n\t<td class=\"column-1\">Fax<\/td><td class=\"column-2\">06633\/5076<\/td>\n<\/tr>\n<tr class=\"row-4\">\n\t<td class=\"column-1\">E-Mail<\/td><td class=\"column-2\"><a href=\"mailto: poststelle@ohmtal.homberg.schulverwaltung.hessen.de\" target=\"_blank\">poststelle(at)ohmtal.homberg.schulverwaltung.hessen.de<\/a><\/td>\n<\/tr>\n<tr class=\"row-5\">\n\t<td class=\"column-1\">Name des Schulleiters<\/td><td class=\"column-2\"> Carsten R\u00f6hrscheid<\/td>\n<\/tr>\n<tr class=\"row-6\">\n\t<td class=\"column-1\">Bezeichnung und Anschrift des Schultr\u00e4gers<br \/>\n<\/td><td class=\"column-2\">Vogelsbergkreis<br \/>\nGoldhelg 20<br \/>\n36341 Lauterbach<\/td>\n<\/tr>\n<tr class=\"row-7\">\n\t<td class=\"column-1\">Namen der verantwortlichen Personen<\/td><td class=\"column-2\">Carsten R\u00f6hrscheid<br \/>\n<\/td>\n<\/tr>\n<tr class=\"row-8\">\n\t<td class=\"column-1\"><\/td><td class=\"column-2\"><\/td>\n<\/tr>\n<\/tbody>\n<\/table>\n<!-- #tablepress-1 from cache -->\n<p><a href=\"http:\/\/www.disclaimer.de\/disclaimer.htm?farbe=FFFFFF\/000000\/000000\/000000\">Haftungsausschluss\/Disclaimer<\/a><\/p>\n<div id=\"c5537\" class=\"csc-default\">\n<div class=\"csc-header csc-header-n2\">\n<div class=\"contentbox-row-2\">\n<div id=\"c2052\" class=\"csc-default\">\n<div class=\"csc-header csc-header-n1\">\n<h2 class=\"csc-firstHeader\">Haftungsausschluss<\/h2>\n<\/div>\n<p class=\"bodytext\">Mit Urteil vom 12. Mai 1998 (312 O 85\/98) hat das Landgericht Hamburg entschieden, dass\u00a0 man durch die Aufbringung eines Links die Inhalte der gelinkten Seite ggf. mit zu verantworten hat. Dies kann, so das LG, nur dadurch verhindert werden, dass man sich ausdr\u00fccklich von diesen Inhalten distanziert.<\/p>\n<p class=\"bodytext\">Wir haben auf unserer Seite und den Unterseiten Links zu anderen Seiten im Internet gelegt. F\u00fcr alle diese Links gilt:<\/p>\n<p class=\"bodytext\">Wir erkl\u00e4ren ausdr\u00fccklich, dass zum Zeitpunkt der Linksetzung die entsprechenden verlinkten Seiten frei von illegalen Inhalten waren. Die Ohmtalschule hat keinerlei Einfluss auf die aktuelle und zuk\u00fcnftige Gestaltung und auf die Inhalte der gelinkten Seiten. Deshalb distanziert sich die Ohmtalschule\u00a0 hiermit ausdr\u00fccklich von allen Inhalten aller gelinkten Seiten und macht sich diese Inhalte nicht zu eigen. Diese Erkl\u00e4rung gilt f\u00fcr alle auf der Homepage angezeigten Links und f\u00fcr alle Inhalte der Seiten, zu denen die auf ohmtalschule.de angemeldeten Banner und Links f\u00fchren.<\/p>\n<p class=\"bodytext\">Alle Markennamen und Firmenlogos auf dieser und weiteren\u00a0 von uns erstellten Seiten, auf die hier verwiesen wird, sind eingetragene Warenzeichen der jeweiligen Hersteller und\/oder Unternehmen. Sollte uns dennoch ein Copyright &#8211; Fehler unterlaufen sein, bitten wir um\u00a0<a>eine kurze Mitteilung (webmaster@ohmtalschule.de).<\/a>\u00a0 Die entsprechende Datei wird dann unverz\u00fcglich vom Server entfernt.<\/p>\n<p class=\"bodytext\">Die Ohmtalschule \u00fcbernimmt keinerlei Gew\u00e4hr f\u00fcr die Aktualit\u00e4t, Korrektheit, Vollst\u00e4ndigkeit oder Qualit\u00e4t der bereitgestellten Informationen auf dieser Seite und den verlinkten Seiten. Haftungsanspr\u00fcche gegen die Ohmtalschule, welche sich auf Sch\u00e4den materieller oder ideeller Art beziehen, die durch die Nutzung oder Nichtnutzung der dargebotenen Informationen bzw. durch die Nutzung fehlerhafter und unvollst\u00e4ndiger Informationen verursacht wurden, sind grunds\u00e4tzlich ausgeschlossen, sofern seitens der Ohmtalschule kein nachweislich vors\u00e4tzliches oder grob fahrl\u00e4ssiges Verschulden vorliegt.<\/p>\n<p class=\"bodytext\">Alle Angebote sind freibleibend und unverbindlich. Die Ohmtalschule\u00a0 beh\u00e4lt es sich ausdr\u00fccklich vor, Teile der Seiten oder das gesamte Angebot ohne gesonderte Ank\u00fcndigung zu ver\u00e4ndern, zu erg\u00e4nzen, zu l\u00f6schen oder die Ver\u00f6ffentlichung zeitweise oder endg\u00fcltig einzustellen.<\/p>\n<\/div>\n<\/div>\n<h2>Verbot der Weiternutzung von Inhalten<\/h2>\n<\/div>\n<p class=\"bodytext\">Jegliche Weiternutzung von Inhalten, insbesondere von Bildern und weiterer Mediendateien (Grafiken, Videos usw.), die auf https:\/\/ohmtalschule.de\u00a0 ver\u00f6ffentlicht sind, ist untersagt. Ein Zuwiderhandeln kann aus urheber- und pers\u00f6nlichkeitsrechtlichen Gr\u00fcnden zu empfindlichen Strafen f\u00fchren.<\/p>\n<\/div>\n<p>Copyright \u00a9 2014 Ohmtalschule Homberg<\/p>\n","protected":false},"excerpt":{"rendered":"<p>Haftungsausschluss\/Disclaimer Haftungsausschluss Mit Urteil vom 12. Mai 1998 (312 O 85\/98) hat das Landgericht Hamburg entschieden, dass\u00a0 man durch die Aufbringung eines Links die Inhalte der gelinkten Seite ggf. mit zu verantworten hat. Dies kann, so das LG, nur dadurch verhindert werden, dass man sich ausdr\u00fccklich von diesen Inhalten distanziert. Wir haben auf unserer Seite &hellip; <a href=\"https:\/\/ohmtalschule.de\/?page_id=145\" class=\"more-link\"><span class=\"screen-reader-text\">Impressum<\/span> weiterlesen <span class=\"meta-nav\">&rarr;<\/span><\/a><\/p>\n","protected":false},"author":1,"featured_media":0,"parent":0,"menu_order":90,"comment_status":"closed","ping_status":"closed","template":"","meta":{"footnotes":""},"class_list":["post-145","page","type-page","status-publish","hentry"],"yoast_head":"<!-- This site is optimized with the Yoast SEO plugin v27.4 - https:\/\/yoast.com\/product\/yoast-seo-wordpress\/ -->\n<title>Impressum - Ohmtalschule Homberg<\/title>\n<meta name=\"robots\" content=\"index, follow, max-snippet:-1, max-image-preview:large, max-video-preview:-1\" \/>\n<link rel=\"canonical\" href=\"https:\/\/ohmtalschule.de\/?page_id=145\" \/>\n<meta property=\"og:locale\" content=\"de_DE\" \/>\n<meta property=\"og:type\" content=\"article\" \/>\n<meta property=\"og:title\" content=\"Impressum - Ohmtalschule Homberg\" \/>\n<meta property=\"og:description\" content=\"Haftungsausschluss\/Disclaimer Haftungsausschluss Mit Urteil vom 12. Mai 1998 (312 O 85\/98) hat das Landgericht Hamburg entschieden, dass\u00a0 man durch die Aufbringung eines Links die Inhalte der gelinkten Seite ggf. mit zu verantworten hat. Dies kann, so das LG, nur dadurch verhindert werden, dass man sich ausdr\u00fccklich von diesen Inhalten distanziert. Wir haben auf unserer Seite &hellip; Impressum weiterlesen &rarr;\" \/>\n<meta property=\"og:url\" content=\"https:\/\/ohmtalschule.de\/?page_id=145\" \/>\n<meta property=\"og:site_name\" content=\"Ohmtalschule Homberg\" \/>\n<meta property=\"article:modified_time\" content=\"2018-05-25T13:09:39+00:00\" \/>\n<meta name=\"twitter:card\" content=\"summary_large_image\" \/>\n<meta name=\"twitter:label1\" content=\"Gesch\u00e4tzte Lesezeit\" \/>\n\t<meta name=\"twitter:data1\" content=\"2\u00a0Minuten\" \/>\n<script type=\"application\/ld+json\" class=\"yoast-schema-graph\">{\"@context\":\"https:\\\/\\\/schema.org\",\"@graph\":[{\"@type\":\"WebPage\",\"@id\":\"https:\\\/\\\/ohmtalschule.de\\\/?page_id=145\",\"url\":\"https:\\\/\\\/ohmtalschule.de\\\/?page_id=145\",\"name\":\"Impressum - Ohmtalschule Homberg\",\"isPartOf\":{\"@id\":\"https:\\\/\\\/ohmtalschule.de\\\/#website\"},\"datePublished\":\"2014-02-16T20:12:10+00:00\",\"dateModified\":\"2018-05-25T13:09:39+00:00\",\"breadcrumb\":{\"@id\":\"https:\\\/\\\/ohmtalschule.de\\\/?page_id=145#breadcrumb\"},\"inLanguage\":\"de\",\"potentialAction\":[{\"@type\":\"ReadAction\",\"target\":[\"https:\\\/\\\/ohmtalschule.de\\\/?page_id=145\"]}]},{\"@type\":\"BreadcrumbList\",\"@id\":\"https:\\\/\\\/ohmtalschule.de\\\/?page_id=145#breadcrumb\",\"itemListElement\":[{\"@type\":\"ListItem\",\"position\":1,\"name\":\"Startseite\",\"item\":\"https:\\\/\\\/ohmtalschule.de\\\/\"},{\"@type\":\"ListItem\",\"position\":2,\"name\":\"Impressum\"}]},{\"@type\":\"WebSite\",\"@id\":\"https:\\\/\\\/ohmtalschule.de\\\/#website\",\"url\":\"https:\\\/\\\/ohmtalschule.de\\\/\",\"name\":\"Ohmtalschule Homberg\",\"description\":\"Gesamtschule des Vogelsbergkreises\",\"potentialAction\":[{\"@type\":\"SearchAction\",\"target\":{\"@type\":\"EntryPoint\",\"urlTemplate\":\"https:\\\/\\\/ohmtalschule.de\\\/?s={search_term_string}\"},\"query-input\":{\"@type\":\"PropertyValueSpecification\",\"valueRequired\":true,\"valueName\":\"search_term_string\"}}],\"inLanguage\":\"de\"}]}<\/script>\n<!-- \/ Yoast SEO plugin. -->","yoast_head_json":{"title":"Impressum - Ohmtalschule Homberg","robots":{"index":"index","follow":"follow","max-snippet":"max-snippet:-1","max-image-preview":"max-image-preview:large","max-video-preview":"max-video-preview:-1"},"canonical":"https:\/\/ohmtalschule.de\/?page_id=145","og_locale":"de_DE","og_type":"article","og_title":"Impressum - Ohmtalschule Homberg","og_description":"Haftungsausschluss\/Disclaimer Haftungsausschluss Mit Urteil vom 12. Mai 1998 (312 O 85\/98) hat das Landgericht Hamburg entschieden, dass\u00a0 man durch die Aufbringung eines Links die Inhalte der gelinkten Seite ggf. mit zu verantworten hat. Dies kann, so das LG, nur dadurch verhindert werden, dass man sich ausdr\u00fccklich von diesen Inhalten distanziert. Wir haben auf unserer Seite &hellip; Impressum weiterlesen &rarr;","og_url":"https:\/\/ohmtalschule.de\/?page_id=145","og_site_name":"Ohmtalschule Homberg","article_modified_time":"2018-05-25T13:09:39+00:00","twitter_card":"summary_large_image","twitter_misc":{"Gesch\u00e4tzte Lesezeit":"2\u00a0Minuten"},"schema":{"@context":"https:\/\/schema.org","@graph":[{"@type":"WebPage","@id":"https:\/\/ohmtalschule.de\/?page_id=145","url":"https:\/\/ohmtalschule.de\/?page_id=145","name":"Impressum - Ohmtalschule Homberg","isPartOf":{"@id":"https:\/\/ohmtalschule.de\/#website"},"datePublished":"2014-02-16T20:12:10+00:00","dateModified":"2018-05-25T13:09:39+00:00","breadcrumb":{"@id":"https:\/\/ohmtalschule.de\/?page_id=145#breadcrumb"},"inLanguage":"de","potentialAction":[{"@type":"ReadAction","target":["https:\/\/ohmtalschule.de\/?page_id=145"]}]},{"@type":"BreadcrumbList","@id":"https:\/\/ohmtalschule.de\/?page_id=145#breadcrumb","itemListElement":[{"@type":"ListItem","position":1,"name":"Startseite","item":"https:\/\/ohmtalschule.de\/"},{"@type":"ListItem","position":2,"name":"Impressum"}]},{"@type":"WebSite","@id":"https:\/\/ohmtalschule.de\/#website","url":"https:\/\/ohmtalschule.de\/","name":"Ohmtalschule Homberg","description":"Gesamtschule des Vogelsbergkreises","potentialAction":[{"@type":"SearchAction","target":{"@type":"EntryPoint","urlTemplate":"https:\/\/ohmtalschule.de\/?s={search_term_string}"},"query-input":{"@type":"PropertyValueSpecification","valueRequired":true,"valueName":"search_term_string"}}],"inLanguage":"de"}]}},"_links":{"self":[{"href":"https:\/\/ohmtalschule.de\/index.php?rest_route=\/wp\/v2\/pages\/145","targetHints":{"allow":["GET"]}}],"collection":[{"href":"https:\/\/ohmtalschule.de\/index.php?rest_route=\/wp\/v2\/pages"}],"about":[{"href":"https:\/\/ohmtalschule.de\/index.php?rest_route=\/wp\/v2\/types\/page"}],"author":[{"embeddable":true,"href":"https:\/\/ohmtalschule.de\/index.php?rest_route=\/wp\/v2\/users\/1"}],"replies":[{"embeddable":true,"href":"https:\/\/ohmtalschule.de\/index.php?rest_route=%2Fwp%2Fv2%2Fcomments&post=145"}],"version-history":[{"count":2,"href":"https:\/\/ohmtalschule.de\/index.php?rest_route=\/wp\/v2\/pages\/145\/revisions"}],"predecessor-version":[{"id":3279,"href":"https:\/\/ohmtalschule.de\/index.php?rest_route=\/wp\/v2\/pages\/145\/revisions\/3279"}],"wp:attachment":[{"href":"https:\/\/ohmtalschule.de\/index.php?rest_route=%2Fwp%2Fv2%2Fmedia&parent=145"}],"curies":[{"name":"wp","href":"https:\/\/api.w.org\/{rel}","templated":true}]}}